{"id":2694,"date":"2022-10-26T16:54:54","date_gmt":"2022-10-26T16:54:54","guid":{"rendered":"https:\/\/restosdix30.com\/service-traiteur\/?post_type=product&#038;p=2694"},"modified":"2025-03-18T20:45:04","modified_gmt":"2025-03-18T20:45:04","slug":"boite-a-lunch-chef-du-chef","status":"publish","type":"product","link":"https:\/\/restosdix30.com\/service-traiteur\/produit\/boite-a-lunch-chef-du-chef\/","title":{"rendered":"BO\u00ceTE \u00c0 LUNCH &#8211; CHOIX DU CHEF &#8211; RABAIS"},"content":{"rendered":"","protected":false},"excerpt":{"rendered":"<p><b><span lang=\"FR-CA\">Ingr\u00e9dients :<\/span><\/b><span lang=\"FR-CA\"> RABAIS DE 1$\/PERSONNE<br \/>\nNotre meilleur vendeur, choix du chef! &#8211;<\/span><span lang=\"FR-CA\">\u00a0<\/span>Inclus sandwich, salade compos\u00e9e du moment, crudit\u00e9s, trempette et dessert du chef.<br \/>\nPeut contenir, lactose, gluten, viande ou poisson. Aucune modification possible<\/p>\n<p><em>Conseils pour votre commande: merci de commander au minimum 4h avant l&rsquo;heure de cueillette souhait\u00e9e. N&rsquo;oubliez pas de rajouter des ustensiles \u00e0 votre commande<\/em><\/p>\n","protected":false},"featured_media":0,"template":"","meta":[],"product_brand":[],"product_cat":[25],"product_tag":[],"class_list":{"0":"post-2694","1":"product","2":"type-product","3":"status-publish","5":"product_cat-lunch-souper","7":"first","8":"instock","9":"taxable","10":"shipping-taxable","11":"purchasable","12":"product-type-simple"},"yoast_head":"<!-- This site is optimized with the Yoast SEO plugin v27.4 - https:\/\/yoast.com\/product\/yoast-seo-wordpress\/ -->\n<title>BO\u00ceTE \u00c0 LUNCH - CHOIX DU CHEF - RABAIS - Service traiteur<\/title>\n<meta name=\"robots\" content=\"index, follow, max-snippet:-1, max-image-preview:large, max-video-preview:-1\" \/>\n<link rel=\"canonical\" href=\"https:\/\/restosdix30.com\/service-traiteur\/produit\/boite-a-lunch-chef-du-chef\/\" \/>\n<meta property=\"og:locale\" content=\"fr_CA\" \/>\n<meta property=\"og:type\" content=\"article\" \/>\n<meta property=\"og:title\" content=\"BO\u00ceTE \u00c0 LUNCH - CHOIX DU CHEF - RABAIS - Service traiteur\" \/>\n<meta property=\"og:description\" content=\"Ingr\u00e9dients : RABAIS DE 1$\/PERSONNE Notre meilleur vendeur, choix du chef! -\u00a0Inclus sandwich, salade compos\u00e9e du moment, crudit\u00e9s, trempette et dessert du chef. Peut contenir, lactose, gluten, viande ou poisson. Aucune modification possible  Conseils pour votre commande: merci de commander au minimum 4h avant l&#039;heure de cueillette souhait\u00e9e. N&#039;oubliez pas de rajouter des ustensiles \u00e0 votre commande\" \/>\n<meta property=\"og:url\" content=\"https:\/\/restosdix30.com\/service-traiteur\/produit\/boite-a-lunch-chef-du-chef\/\" \/>\n<meta property=\"og:site_name\" content=\"Service traiteur\" \/>\n<meta property=\"article:modified_time\" content=\"2025-03-18T20:45:04+00:00\" \/>\n<meta name=\"twitter:card\" content=\"summary_large_image\" \/>\n<meta name=\"twitter:label1\" content=\"Estimation du temps de lecture\" \/>\n\t<meta name=\"twitter:data1\" content=\"1 minute\" \/>\n<script type=\"application\/ld+json\" class=\"yoast-schema-graph\">{\"@context\":\"https:\\\/\\\/schema.org\",\"@graph\":[{\"@type\":\"WebPage\",\"@id\":\"https:\\\/\\\/restosdix30.com\\\/service-traiteur\\\/produit\\\/boite-a-lunch-chef-du-chef\\\/\",\"url\":\"https:\\\/\\\/restosdix30.com\\\/service-traiteur\\\/produit\\\/boite-a-lunch-chef-du-chef\\\/\",\"name\":\"BO\u00ceTE \u00c0 LUNCH - CHOIX DU CHEF - RABAIS - Service traiteur\",\"isPartOf\":{\"@id\":\"https:\\\/\\\/restosdix30.com\\\/service-traiteur\\\/#website\"},\"datePublished\":\"2022-10-26T16:54:54+00:00\",\"dateModified\":\"2025-03-18T20:45:04+00:00\",\"breadcrumb\":{\"@id\":\"https:\\\/\\\/restosdix30.com\\\/service-traiteur\\\/produit\\\/boite-a-lunch-chef-du-chef\\\/#breadcrumb\"},\"inLanguage\":\"fr-CA\",\"potentialAction\":[{\"@type\":\"ReadAction\",\"target\":[\"https:\\\/\\\/restosdix30.com\\\/service-traiteur\\\/produit\\\/boite-a-lunch-chef-du-chef\\\/\"]}]},{\"@type\":\"BreadcrumbList\",\"@id\":\"https:\\\/\\\/restosdix30.com\\\/service-traiteur\\\/produit\\\/boite-a-lunch-chef-du-chef\\\/#breadcrumb\",\"itemListElement\":[{\"@type\":\"ListItem\",\"position\":1,\"name\":\"Accueil\",\"item\":\"https:\\\/\\\/restosdix30.com\\\/service-traiteur\\\/\"},{\"@type\":\"ListItem\",\"position\":2,\"name\":\"Boutique\",\"item\":\"https:\\\/\\\/restosdix30.com\\\/service-traiteur\\\/boutique\\\/\"},{\"@type\":\"ListItem\",\"position\":3,\"name\":\"BO\u00ceTE \u00c0 LUNCH &#8211; CHOIX DU CHEF &#8211; RABAIS\"}]},{\"@type\":\"WebSite\",\"@id\":\"https:\\\/\\\/restosdix30.com\\\/service-traiteur\\\/#website\",\"url\":\"https:\\\/\\\/restosdix30.com\\\/service-traiteur\\\/\",\"name\":\"Service traiteur\",\"description\":\"Groupe Restos Dix30\",\"potentialAction\":[{\"@type\":\"SearchAction\",\"target\":{\"@type\":\"EntryPoint\",\"urlTemplate\":\"https:\\\/\\\/restosdix30.com\\\/service-traiteur\\\/?s={search_term_string}\"},\"query-input\":{\"@type\":\"PropertyValueSpecification\",\"valueRequired\":true,\"valueName\":\"search_term_string\"}}],\"inLanguage\":\"fr-CA\"}]}<\/script>\n<!-- \/ Yoast SEO plugin. -->","yoast_head_json":{"title":"BO\u00ceTE \u00c0 LUNCH - CHOIX DU CHEF - RABAIS - Service traiteur","robots":{"index":"index","follow":"follow","max-snippet":"max-snippet:-1","max-image-preview":"max-image-preview:large","max-video-preview":"max-video-preview:-1"},"canonical":"https:\/\/restosdix30.com\/service-traiteur\/produit\/boite-a-lunch-chef-du-chef\/","og_locale":"fr_CA","og_type":"article","og_title":"BO\u00ceTE \u00c0 LUNCH - CHOIX DU CHEF - RABAIS - Service traiteur","og_description":"Ingr\u00e9dients : RABAIS DE 1$\/PERSONNE Notre meilleur vendeur, choix du chef! -\u00a0Inclus sandwich, salade compos\u00e9e du moment, crudit\u00e9s, trempette et dessert du chef. Peut contenir, lactose, gluten, viande ou poisson. Aucune modification possible  Conseils pour votre commande: merci de commander au minimum 4h avant l'heure de cueillette souhait\u00e9e. N'oubliez pas de rajouter des ustensiles \u00e0 votre commande","og_url":"https:\/\/restosdix30.com\/service-traiteur\/produit\/boite-a-lunch-chef-du-chef\/","og_site_name":"Service traiteur","article_modified_time":"2025-03-18T20:45:04+00:00","twitter_card":"summary_large_image","twitter_misc":{"Estimation du temps de lecture":"1 minute"},"schema":{"@context":"https:\/\/schema.org","@graph":[{"@type":"WebPage","@id":"https:\/\/restosdix30.com\/service-traiteur\/produit\/boite-a-lunch-chef-du-chef\/","url":"https:\/\/restosdix30.com\/service-traiteur\/produit\/boite-a-lunch-chef-du-chef\/","name":"BO\u00ceTE \u00c0 LUNCH - CHOIX DU CHEF - RABAIS - Service traiteur","isPartOf":{"@id":"https:\/\/restosdix30.com\/service-traiteur\/#website"},"datePublished":"2022-10-26T16:54:54+00:00","dateModified":"2025-03-18T20:45:04+00:00","breadcrumb":{"@id":"https:\/\/restosdix30.com\/service-traiteur\/produit\/boite-a-lunch-chef-du-chef\/#breadcrumb"},"inLanguage":"fr-CA","potentialAction":[{"@type":"ReadAction","target":["https:\/\/restosdix30.com\/service-traiteur\/produit\/boite-a-lunch-chef-du-chef\/"]}]},{"@type":"BreadcrumbList","@id":"https:\/\/restosdix30.com\/service-traiteur\/produit\/boite-a-lunch-chef-du-chef\/#breadcrumb","itemListElement":[{"@type":"ListItem","position":1,"name":"Accueil","item":"https:\/\/restosdix30.com\/service-traiteur\/"},{"@type":"ListItem","position":2,"name":"Boutique","item":"https:\/\/restosdix30.com\/service-traiteur\/boutique\/"},{"@type":"ListItem","position":3,"name":"BO\u00ceTE \u00c0 LUNCH &#8211; CHOIX DU CHEF &#8211; RABAIS"}]},{"@type":"WebSite","@id":"https:\/\/restosdix30.com\/service-traiteur\/#website","url":"https:\/\/restosdix30.com\/service-traiteur\/","name":"Service traiteur","description":"Groupe Restos Dix30","potentialAction":[{"@type":"SearchAction","target":{"@type":"EntryPoint","urlTemplate":"https:\/\/restosdix30.com\/service-traiteur\/?s={search_term_string}"},"query-input":{"@type":"PropertyValueSpecification","valueRequired":true,"valueName":"search_term_string"}}],"inLanguage":"fr-CA"}]}},"distributor_meta":false,"distributor_terms":false,"distributor_media":false,"distributor_original_site_name":"Service traiteur","distributor_original_site_url":"https:\/\/restosdix30.com\/service-traiteur","push-errors":false,"_links":{"self":[{"href":"https:\/\/restosdix30.com\/service-traiteur\/wp-json\/wp\/v2\/product\/2694","targetHints":{"allow":["GET"]}}],"collection":[{"href":"https:\/\/restosdix30.com\/service-traiteur\/wp-json\/wp\/v2\/product"}],"about":[{"href":"https:\/\/restosdix30.com\/service-traiteur\/wp-json\/wp\/v2\/types\/product"}],"wp:attachment":[{"href":"https:\/\/restosdix30.com\/service-traiteur\/wp-json\/wp\/v2\/media?parent=2694"}],"wp:term":[{"taxonomy":"product_brand","embeddable":true,"href":"https:\/\/restosdix30.com\/service-traiteur\/wp-json\/wp\/v2\/product_brand?post=2694"},{"taxonomy":"product_cat","embeddable":true,"href":"https:\/\/restosdix30.com\/service-traiteur\/wp-json\/wp\/v2\/product_cat?post=2694"},{"taxonomy":"product_tag","embeddable":true,"href":"https:\/\/restosdix30.com\/service-traiteur\/wp-json\/wp\/v2\/product_tag?post=2694"}],"curies":[{"name":"wp","href":"https:\/\/api.w.org\/{rel}","templated":true}]}}