{"id":7936,"date":"2025-08-29T17:50:24","date_gmt":"2025-08-29T17:50:24","guid":{"rendered":"https:\/\/restosdix30.com\/service-traiteur\/?post_type=product&#038;p=7936"},"modified":"2025-08-29T17:52:00","modified_gmt":"2025-08-29T17:52:00","slug":"satay-de-boeuf","status":"publish","type":"product","link":"https:\/\/restosdix30.com\/service-traiteur\/produit\/satay-de-boeuf\/","title":{"rendered":"BOUCH\u00c9ES CHAUDES &#8211; 12 SATAY DE BOEUF \u00c0 L&rsquo;\u00c9RABLE &#038; BALSAMIQUE"},"content":{"rendered":"","protected":false},"excerpt":{"rendered":"<p><b><span lang=\"FR-CA\">Ingr\u00e9dients : <\/span><\/b><span lang=\"FR-CA\">Brochettes de b\u0153uf marin\u00e9es, sauce \u00e9rable et balsamique <\/span><span lang=\"FR-CA\">(Sans gluten, sans lactose)<\/span><\/p>\n<p>PRIX \u00c0 LA DOUZAINE &#8211; MINIMUM DE 2 DOUZAINES PAR VARI\u00c9T\u00c9.<br \/>\nLes bouch\u00e9es chaudes devront \u00eatre r\u00e9chauff\u00e9es par le client.<\/p>\n<p><em>Conseils pour votre commande: merci de commander la 24h (jour ouvrable) avant votre \u00e9v\u00e9nement pour ce repas.<br \/>\n<\/em><\/p>\n","protected":false},"featured_media":3171,"template":"","meta":[],"product_brand":[],"product_cat":[29],"product_tag":[],"class_list":{"0":"post-7936","1":"product","2":"type-product","3":"status-publish","4":"has-post-thumbnail","6":"product_cat-29","8":"first","9":"instock","10":"taxable","11":"shipping-taxable","12":"purchasable","13":"product-type-simple"},"yoast_head":"<!-- This site is optimized with the Yoast SEO plugin v27.4 - https:\/\/yoast.com\/product\/yoast-seo-wordpress\/ -->\n<title>BOUCH\u00c9ES CHAUDES - 12 SATAY DE BOEUF \u00c0 L&#039;\u00c9RABLE &amp; BALSAMIQUE - Service traiteur<\/title>\n<meta name=\"robots\" content=\"index, follow, max-snippet:-1, max-image-preview:large, max-video-preview:-1\" \/>\n<link rel=\"canonical\" href=\"https:\/\/restosdix30.com\/service-traiteur\/produit\/satay-de-boeuf\/\" \/>\n<meta property=\"og:locale\" content=\"fr_CA\" \/>\n<meta property=\"og:type\" content=\"article\" \/>\n<meta property=\"og:title\" content=\"BOUCH\u00c9ES CHAUDES - 12 SATAY DE BOEUF \u00c0 L&#039;\u00c9RABLE &amp; BALSAMIQUE - Service traiteur\" \/>\n<meta property=\"og:description\" content=\"Ingr\u00e9dients : Brochettes de b\u0153uf marin\u00e9es, sauce \u00e9rable et balsamique (Sans gluten, sans lactose)  PRIX \u00c0 LA DOUZAINE - MINIMUM DE 2 DOUZAINES PAR VARI\u00c9T\u00c9. Les bouch\u00e9es chaudes devront \u00eatre r\u00e9chauff\u00e9es par le client.  Conseils pour votre commande: merci de commander la 24h (jour ouvrable) avant votre \u00e9v\u00e9nement pour ce repas.\" \/>\n<meta property=\"og:url\" content=\"https:\/\/restosdix30.com\/service-traiteur\/produit\/satay-de-boeuf\/\" \/>\n<meta property=\"og:site_name\" content=\"Service traiteur\" \/>\n<meta property=\"article:modified_time\" content=\"2025-08-29T17:52:00+00:00\" \/>\n<meta property=\"og:image\" content=\"https:\/\/restosdix30.com\/service-traiteur\/wp-content\/uploads\/sites\/6\/2024\/08\/bouchee-satay-boeuf-683x1024.jpg\" \/>\n\t<meta property=\"og:image:width\" content=\"683\" \/>\n\t<meta property=\"og:image:height\" content=\"1024\" \/>\n\t<meta property=\"og:image:type\" content=\"image\/jpeg\" \/>\n<meta name=\"twitter:card\" content=\"summary_large_image\" \/>\n<meta name=\"twitter:label1\" content=\"Estimation du temps de lecture\" \/>\n\t<meta name=\"twitter:data1\" content=\"1 minute\" \/>\n<script type=\"application\/ld+json\" class=\"yoast-schema-graph\">{\"@context\":\"https:\\\/\\\/schema.org\",\"@graph\":[{\"@type\":\"WebPage\",\"@id\":\"https:\\\/\\\/restosdix30.com\\\/service-traiteur\\\/produit\\\/satay-de-boeuf\\\/\",\"url\":\"https:\\\/\\\/restosdix30.com\\\/service-traiteur\\\/produit\\\/satay-de-boeuf\\\/\",\"name\":\"BOUCH\u00c9ES CHAUDES - 12 SATAY DE BOEUF \u00c0 L'\u00c9RABLE & BALSAMIQUE - Service traiteur\",\"isPartOf\":{\"@id\":\"https:\\\/\\\/restosdix30.com\\\/service-traiteur\\\/#website\"},\"primaryImageOfPage\":{\"@id\":\"https:\\\/\\\/restosdix30.com\\\/service-traiteur\\\/produit\\\/satay-de-boeuf\\\/#primaryimage\"},\"image\":{\"@id\":\"https:\\\/\\\/restosdix30.com\\\/service-traiteur\\\/produit\\\/satay-de-boeuf\\\/#primaryimage\"},\"thumbnailUrl\":\"https:\\\/\\\/restosdix30.com\\\/service-traiteur\\\/wp-content\\\/uploads\\\/sites\\\/6\\\/2024\\\/08\\\/bouchee-satay-boeuf.jpg\",\"datePublished\":\"2025-08-29T17:50:24+00:00\",\"dateModified\":\"2025-08-29T17:52:00+00:00\",\"breadcrumb\":{\"@id\":\"https:\\\/\\\/restosdix30.com\\\/service-traiteur\\\/produit\\\/satay-de-boeuf\\\/#breadcrumb\"},\"inLanguage\":\"fr-CA\",\"potentialAction\":[{\"@type\":\"ReadAction\",\"target\":[\"https:\\\/\\\/restosdix30.com\\\/service-traiteur\\\/produit\\\/satay-de-boeuf\\\/\"]}]},{\"@type\":\"ImageObject\",\"inLanguage\":\"fr-CA\",\"@id\":\"https:\\\/\\\/restosdix30.com\\\/service-traiteur\\\/produit\\\/satay-de-boeuf\\\/#primaryimage\",\"url\":\"https:\\\/\\\/restosdix30.com\\\/service-traiteur\\\/wp-content\\\/uploads\\\/sites\\\/6\\\/2024\\\/08\\\/bouchee-satay-boeuf.jpg\",\"contentUrl\":\"https:\\\/\\\/restosdix30.com\\\/service-traiteur\\\/wp-content\\\/uploads\\\/sites\\\/6\\\/2024\\\/08\\\/bouchee-satay-boeuf.jpg\",\"width\":3648,\"height\":5472},{\"@type\":\"BreadcrumbList\",\"@id\":\"https:\\\/\\\/restosdix30.com\\\/service-traiteur\\\/produit\\\/satay-de-boeuf\\\/#breadcrumb\",\"itemListElement\":[{\"@type\":\"ListItem\",\"position\":1,\"name\":\"Accueil\",\"item\":\"https:\\\/\\\/restosdix30.com\\\/service-traiteur\\\/\"},{\"@type\":\"ListItem\",\"position\":2,\"name\":\"Boutique\",\"item\":\"https:\\\/\\\/restosdix30.com\\\/service-traiteur\\\/boutique\\\/\"},{\"@type\":\"ListItem\",\"position\":3,\"name\":\"BOUCH\u00c9ES CHAUDES &#8211; 12 SATAY DE BOEUF \u00c0 L&rsquo;\u00c9RABLE &#038; BALSAMIQUE\"}]},{\"@type\":\"WebSite\",\"@id\":\"https:\\\/\\\/restosdix30.com\\\/service-traiteur\\\/#website\",\"url\":\"https:\\\/\\\/restosdix30.com\\\/service-traiteur\\\/\",\"name\":\"Service traiteur\",\"description\":\"Groupe Restos Dix30\",\"potentialAction\":[{\"@type\":\"SearchAction\",\"target\":{\"@type\":\"EntryPoint\",\"urlTemplate\":\"https:\\\/\\\/restosdix30.com\\\/service-traiteur\\\/?s={search_term_string}\"},\"query-input\":{\"@type\":\"PropertyValueSpecification\",\"valueRequired\":true,\"valueName\":\"search_term_string\"}}],\"inLanguage\":\"fr-CA\"}]}<\/script>\n<!-- \/ Yoast SEO plugin. -->","yoast_head_json":{"title":"BOUCH\u00c9ES CHAUDES - 12 SATAY DE BOEUF \u00c0 L'\u00c9RABLE & BALSAMIQUE - Service traiteur","robots":{"index":"index","follow":"follow","max-snippet":"max-snippet:-1","max-image-preview":"max-image-preview:large","max-video-preview":"max-video-preview:-1"},"canonical":"https:\/\/restosdix30.com\/service-traiteur\/produit\/satay-de-boeuf\/","og_locale":"fr_CA","og_type":"article","og_title":"BOUCH\u00c9ES CHAUDES - 12 SATAY DE BOEUF \u00c0 L'\u00c9RABLE & BALSAMIQUE - Service traiteur","og_description":"Ingr\u00e9dients : Brochettes de b\u0153uf marin\u00e9es, sauce \u00e9rable et balsamique (Sans gluten, sans lactose)  PRIX \u00c0 LA DOUZAINE - MINIMUM DE 2 DOUZAINES PAR VARI\u00c9T\u00c9. Les bouch\u00e9es chaudes devront \u00eatre r\u00e9chauff\u00e9es par le client.  Conseils pour votre commande: merci de commander la 24h (jour ouvrable) avant votre \u00e9v\u00e9nement pour ce repas.","og_url":"https:\/\/restosdix30.com\/service-traiteur\/produit\/satay-de-boeuf\/","og_site_name":"Service traiteur","article_modified_time":"2025-08-29T17:52:00+00:00","og_image":[{"width":683,"height":1024,"url":"https:\/\/restosdix30.com\/service-traiteur\/wp-content\/uploads\/sites\/6\/2024\/08\/bouchee-satay-boeuf-683x1024.jpg","type":"image\/jpeg"}],"twitter_card":"summary_large_image","twitter_misc":{"Estimation du temps de lecture":"1 minute"},"schema":{"@context":"https:\/\/schema.org","@graph":[{"@type":"WebPage","@id":"https:\/\/restosdix30.com\/service-traiteur\/produit\/satay-de-boeuf\/","url":"https:\/\/restosdix30.com\/service-traiteur\/produit\/satay-de-boeuf\/","name":"BOUCH\u00c9ES CHAUDES - 12 SATAY DE BOEUF \u00c0 L'\u00c9RABLE & BALSAMIQUE - Service traiteur","isPartOf":{"@id":"https:\/\/restosdix30.com\/service-traiteur\/#website"},"primaryImageOfPage":{"@id":"https:\/\/restosdix30.com\/service-traiteur\/produit\/satay-de-boeuf\/#primaryimage"},"image":{"@id":"https:\/\/restosdix30.com\/service-traiteur\/produit\/satay-de-boeuf\/#primaryimage"},"thumbnailUrl":"https:\/\/restosdix30.com\/service-traiteur\/wp-content\/uploads\/sites\/6\/2024\/08\/bouchee-satay-boeuf.jpg","datePublished":"2025-08-29T17:50:24+00:00","dateModified":"2025-08-29T17:52:00+00:00","breadcrumb":{"@id":"https:\/\/restosdix30.com\/service-traiteur\/produit\/satay-de-boeuf\/#breadcrumb"},"inLanguage":"fr-CA","potentialAction":[{"@type":"ReadAction","target":["https:\/\/restosdix30.com\/service-traiteur\/produit\/satay-de-boeuf\/"]}]},{"@type":"ImageObject","inLanguage":"fr-CA","@id":"https:\/\/restosdix30.com\/service-traiteur\/produit\/satay-de-boeuf\/#primaryimage","url":"https:\/\/restosdix30.com\/service-traiteur\/wp-content\/uploads\/sites\/6\/2024\/08\/bouchee-satay-boeuf.jpg","contentUrl":"https:\/\/restosdix30.com\/service-traiteur\/wp-content\/uploads\/sites\/6\/2024\/08\/bouchee-satay-boeuf.jpg","width":3648,"height":5472},{"@type":"BreadcrumbList","@id":"https:\/\/restosdix30.com\/service-traiteur\/produit\/satay-de-boeuf\/#breadcrumb","itemListElement":[{"@type":"ListItem","position":1,"name":"Accueil","item":"https:\/\/restosdix30.com\/service-traiteur\/"},{"@type":"ListItem","position":2,"name":"Boutique","item":"https:\/\/restosdix30.com\/service-traiteur\/boutique\/"},{"@type":"ListItem","position":3,"name":"BOUCH\u00c9ES CHAUDES &#8211; 12 SATAY DE BOEUF \u00c0 L&rsquo;\u00c9RABLE &#038; BALSAMIQUE"}]},{"@type":"WebSite","@id":"https:\/\/restosdix30.com\/service-traiteur\/#website","url":"https:\/\/restosdix30.com\/service-traiteur\/","name":"Service traiteur","description":"Groupe Restos Dix30","potentialAction":[{"@type":"SearchAction","target":{"@type":"EntryPoint","urlTemplate":"https:\/\/restosdix30.com\/service-traiteur\/?s={search_term_string}"},"query-input":{"@type":"PropertyValueSpecification","valueRequired":true,"valueName":"search_term_string"}}],"inLanguage":"fr-CA"}]}},"distributor_meta":false,"distributor_terms":false,"distributor_media":false,"distributor_original_site_name":"Service traiteur","distributor_original_site_url":"https:\/\/restosdix30.com\/service-traiteur","push-errors":false,"_links":{"self":[{"href":"https:\/\/restosdix30.com\/service-traiteur\/wp-json\/wp\/v2\/product\/7936","targetHints":{"allow":["GET"]}}],"collection":[{"href":"https:\/\/restosdix30.com\/service-traiteur\/wp-json\/wp\/v2\/product"}],"about":[{"href":"https:\/\/restosdix30.com\/service-traiteur\/wp-json\/wp\/v2\/types\/product"}],"wp:featuredmedia":[{"embeddable":true,"href":"https:\/\/restosdix30.com\/service-traiteur\/wp-json\/wp\/v2\/media\/3171"}],"wp:attachment":[{"href":"https:\/\/restosdix30.com\/service-traiteur\/wp-json\/wp\/v2\/media?parent=7936"}],"wp:term":[{"taxonomy":"product_brand","embeddable":true,"href":"https:\/\/restosdix30.com\/service-traiteur\/wp-json\/wp\/v2\/product_brand?post=7936"},{"taxonomy":"product_cat","embeddable":true,"href":"https:\/\/restosdix30.com\/service-traiteur\/wp-json\/wp\/v2\/product_cat?post=7936"},{"taxonomy":"product_tag","embeddable":true,"href":"https:\/\/restosdix30.com\/service-traiteur\/wp-json\/wp\/v2\/product_tag?post=7936"}],"curies":[{"name":"wp","href":"https:\/\/api.w.org\/{rel}","templated":true}]}}