{"id":7964,"date":"2025-08-29T18:57:35","date_gmt":"2025-08-29T18:57:35","guid":{"rendered":"https:\/\/restosdix30.com\/service-traiteur\/?post_type=product&#038;p=7964"},"modified":"2025-08-29T19:02:20","modified_gmt":"2025-08-29T19:02:20","slug":"boite-a-lunch-gourmande-vip-salade-de-poulet-a-la-mexicaine","status":"publish","type":"product","link":"https:\/\/restosdix30.com\/service-traiteur\/produit\/boite-a-lunch-gourmande-vip-salade-de-poulet-a-la-mexicaine\/","title":{"rendered":"BO\u00ceTE \u00c0 LUNCH GOURMANDE &#8211; VIP &#8211; SALADE DE POULET \u00c0 LA MEXICAINE"},"content":{"rendered":"","protected":false},"excerpt":{"rendered":"<p><strong>Servie avec<\/strong> : 1 salade de p<span lang=\"FR-CA\">oulet<\/span><span lang=\"FR-CA\">\u00a0grill\u00e9, haricots noirs, ma\u00efs r\u00f4ti, riz, guacamole, pico de gallo<\/span><span lang=\"FR-CA\">n<\/span>, charcuteries, fromages du Qu\u00e9bec, craquelins, raisins, crudit\u00e9s, trempette et dessert au choix du chef. Minimum 5 personnes. <strong>Ustensiles en fibre d\u2019agave inclut. OPTION SANS GLUTEN DISPONIBLE\u00a0<\/strong><\/p>\n<p><em>Conseils pour votre commande: merci de commander au minimum 4h avant l&rsquo;heure de cueillette souhait\u00e9e.\u00a0<\/em><\/p>\n","protected":false},"featured_media":7919,"template":"","meta":[],"product_brand":[],"product_cat":[25],"product_tag":[],"class_list":{"0":"post-7964","1":"product","2":"type-product","3":"status-publish","4":"has-post-thumbnail","6":"product_cat-lunch-souper","8":"first","9":"instock","10":"taxable","11":"shipping-taxable","12":"purchasable","13":"product-type-simple"},"yoast_head":"<!-- This site is optimized with the Yoast SEO plugin v27.4 - https:\/\/yoast.com\/product\/yoast-seo-wordpress\/ -->\n<title>BO\u00ceTE \u00c0 LUNCH GOURMANDE - VIP - SALADE DE POULET \u00c0 LA MEXICAINE - Service traiteur<\/title>\n<meta name=\"robots\" content=\"index, follow, max-snippet:-1, max-image-preview:large, max-video-preview:-1\" \/>\n<link rel=\"canonical\" href=\"https:\/\/restosdix30.com\/service-traiteur\/produit\/boite-a-lunch-gourmande-vip-salade-de-poulet-a-la-mexicaine\/\" \/>\n<meta property=\"og:locale\" content=\"fr_CA\" \/>\n<meta property=\"og:type\" content=\"article\" \/>\n<meta property=\"og:title\" content=\"BO\u00ceTE \u00c0 LUNCH GOURMANDE - VIP - SALADE DE POULET \u00c0 LA MEXICAINE - Service traiteur\" \/>\n<meta property=\"og:description\" content=\"Servie avec : 1 salade de poulet\u00a0grill\u00e9, haricots noirs, ma\u00efs r\u00f4ti, riz, guacamole, pico de gallon, charcuteries, fromages du Qu\u00e9bec, craquelins, raisins, crudit\u00e9s, trempette et dessert au choix du chef. Minimum 5 personnes. Ustensiles en fibre d\u2019agave inclut. OPTION SANS GLUTEN DISPONIBLE\u00a0  Conseils pour votre commande: merci de commander au minimum 4h avant l&#039;heure de cueillette souhait\u00e9e.\u00a0\" \/>\n<meta property=\"og:url\" content=\"https:\/\/restosdix30.com\/service-traiteur\/produit\/boite-a-lunch-gourmande-vip-salade-de-poulet-a-la-mexicaine\/\" \/>\n<meta property=\"og:site_name\" content=\"Service traiteur\" \/>\n<meta property=\"article:modified_time\" content=\"2025-08-29T19:02:20+00:00\" \/>\n<meta property=\"og:image\" content=\"https:\/\/restosdix30.com\/service-traiteur\/wp-content\/uploads\/sites\/6\/2025\/08\/Traiteur_dix30-089-1024x1024.jpg\" \/>\n\t<meta property=\"og:image:width\" content=\"1024\" \/>\n\t<meta property=\"og:image:height\" content=\"1024\" \/>\n\t<meta property=\"og:image:type\" content=\"image\/jpeg\" \/>\n<meta name=\"twitter:card\" content=\"summary_large_image\" \/>\n<meta name=\"twitter:label1\" content=\"Estimation du temps de lecture\" \/>\n\t<meta name=\"twitter:data1\" content=\"1 minute\" \/>\n<script type=\"application\/ld+json\" class=\"yoast-schema-graph\">{\"@context\":\"https:\\\/\\\/schema.org\",\"@graph\":[{\"@type\":\"WebPage\",\"@id\":\"https:\\\/\\\/restosdix30.com\\\/service-traiteur\\\/produit\\\/boite-a-lunch-gourmande-vip-salade-de-poulet-a-la-mexicaine\\\/\",\"url\":\"https:\\\/\\\/restosdix30.com\\\/service-traiteur\\\/produit\\\/boite-a-lunch-gourmande-vip-salade-de-poulet-a-la-mexicaine\\\/\",\"name\":\"BO\u00ceTE \u00c0 LUNCH GOURMANDE - VIP - SALADE DE POULET \u00c0 LA MEXICAINE - Service traiteur\",\"isPartOf\":{\"@id\":\"https:\\\/\\\/restosdix30.com\\\/service-traiteur\\\/#website\"},\"primaryImageOfPage\":{\"@id\":\"https:\\\/\\\/restosdix30.com\\\/service-traiteur\\\/produit\\\/boite-a-lunch-gourmande-vip-salade-de-poulet-a-la-mexicaine\\\/#primaryimage\"},\"image\":{\"@id\":\"https:\\\/\\\/restosdix30.com\\\/service-traiteur\\\/produit\\\/boite-a-lunch-gourmande-vip-salade-de-poulet-a-la-mexicaine\\\/#primaryimage\"},\"thumbnailUrl\":\"https:\\\/\\\/restosdix30.com\\\/service-traiteur\\\/wp-content\\\/uploads\\\/sites\\\/6\\\/2025\\\/08\\\/Traiteur_dix30-089.jpg\",\"datePublished\":\"2025-08-29T18:57:35+00:00\",\"dateModified\":\"2025-08-29T19:02:20+00:00\",\"breadcrumb\":{\"@id\":\"https:\\\/\\\/restosdix30.com\\\/service-traiteur\\\/produit\\\/boite-a-lunch-gourmande-vip-salade-de-poulet-a-la-mexicaine\\\/#breadcrumb\"},\"inLanguage\":\"fr-CA\",\"potentialAction\":[{\"@type\":\"ReadAction\",\"target\":[\"https:\\\/\\\/restosdix30.com\\\/service-traiteur\\\/produit\\\/boite-a-lunch-gourmande-vip-salade-de-poulet-a-la-mexicaine\\\/\"]}]},{\"@type\":\"ImageObject\",\"inLanguage\":\"fr-CA\",\"@id\":\"https:\\\/\\\/restosdix30.com\\\/service-traiteur\\\/produit\\\/boite-a-lunch-gourmande-vip-salade-de-poulet-a-la-mexicaine\\\/#primaryimage\",\"url\":\"https:\\\/\\\/restosdix30.com\\\/service-traiteur\\\/wp-content\\\/uploads\\\/sites\\\/6\\\/2025\\\/08\\\/Traiteur_dix30-089.jpg\",\"contentUrl\":\"https:\\\/\\\/restosdix30.com\\\/service-traiteur\\\/wp-content\\\/uploads\\\/sites\\\/6\\\/2025\\\/08\\\/Traiteur_dix30-089.jpg\",\"width\":6336,\"height\":6336},{\"@type\":\"BreadcrumbList\",\"@id\":\"https:\\\/\\\/restosdix30.com\\\/service-traiteur\\\/produit\\\/boite-a-lunch-gourmande-vip-salade-de-poulet-a-la-mexicaine\\\/#breadcrumb\",\"itemListElement\":[{\"@type\":\"ListItem\",\"position\":1,\"name\":\"Accueil\",\"item\":\"https:\\\/\\\/restosdix30.com\\\/service-traiteur\\\/\"},{\"@type\":\"ListItem\",\"position\":2,\"name\":\"Boutique\",\"item\":\"https:\\\/\\\/restosdix30.com\\\/service-traiteur\\\/boutique\\\/\"},{\"@type\":\"ListItem\",\"position\":3,\"name\":\"BO\u00ceTE \u00c0 LUNCH GOURMANDE &#8211; VIP &#8211; SALADE DE POULET \u00c0 LA MEXICAINE\"}]},{\"@type\":\"WebSite\",\"@id\":\"https:\\\/\\\/restosdix30.com\\\/service-traiteur\\\/#website\",\"url\":\"https:\\\/\\\/restosdix30.com\\\/service-traiteur\\\/\",\"name\":\"Service traiteur\",\"description\":\"Groupe Restos Dix30\",\"potentialAction\":[{\"@type\":\"SearchAction\",\"target\":{\"@type\":\"EntryPoint\",\"urlTemplate\":\"https:\\\/\\\/restosdix30.com\\\/service-traiteur\\\/?s={search_term_string}\"},\"query-input\":{\"@type\":\"PropertyValueSpecification\",\"valueRequired\":true,\"valueName\":\"search_term_string\"}}],\"inLanguage\":\"fr-CA\"}]}<\/script>\n<!-- \/ Yoast SEO plugin. -->","yoast_head_json":{"title":"BO\u00ceTE \u00c0 LUNCH GOURMANDE - VIP - SALADE DE POULET \u00c0 LA MEXICAINE - Service traiteur","robots":{"index":"index","follow":"follow","max-snippet":"max-snippet:-1","max-image-preview":"max-image-preview:large","max-video-preview":"max-video-preview:-1"},"canonical":"https:\/\/restosdix30.com\/service-traiteur\/produit\/boite-a-lunch-gourmande-vip-salade-de-poulet-a-la-mexicaine\/","og_locale":"fr_CA","og_type":"article","og_title":"BO\u00ceTE \u00c0 LUNCH GOURMANDE - VIP - SALADE DE POULET \u00c0 LA MEXICAINE - Service traiteur","og_description":"Servie avec : 1 salade de poulet\u00a0grill\u00e9, haricots noirs, ma\u00efs r\u00f4ti, riz, guacamole, pico de gallon, charcuteries, fromages du Qu\u00e9bec, craquelins, raisins, crudit\u00e9s, trempette et dessert au choix du chef. Minimum 5 personnes. Ustensiles en fibre d\u2019agave inclut. OPTION SANS GLUTEN DISPONIBLE\u00a0  Conseils pour votre commande: merci de commander au minimum 4h avant l'heure de cueillette souhait\u00e9e.\u00a0","og_url":"https:\/\/restosdix30.com\/service-traiteur\/produit\/boite-a-lunch-gourmande-vip-salade-de-poulet-a-la-mexicaine\/","og_site_name":"Service traiteur","article_modified_time":"2025-08-29T19:02:20+00:00","og_image":[{"width":1024,"height":1024,"url":"https:\/\/restosdix30.com\/service-traiteur\/wp-content\/uploads\/sites\/6\/2025\/08\/Traiteur_dix30-089-1024x1024.jpg","type":"image\/jpeg"}],"twitter_card":"summary_large_image","twitter_misc":{"Estimation du temps de lecture":"1 minute"},"schema":{"@context":"https:\/\/schema.org","@graph":[{"@type":"WebPage","@id":"https:\/\/restosdix30.com\/service-traiteur\/produit\/boite-a-lunch-gourmande-vip-salade-de-poulet-a-la-mexicaine\/","url":"https:\/\/restosdix30.com\/service-traiteur\/produit\/boite-a-lunch-gourmande-vip-salade-de-poulet-a-la-mexicaine\/","name":"BO\u00ceTE \u00c0 LUNCH GOURMANDE - VIP - SALADE DE POULET \u00c0 LA MEXICAINE - Service traiteur","isPartOf":{"@id":"https:\/\/restosdix30.com\/service-traiteur\/#website"},"primaryImageOfPage":{"@id":"https:\/\/restosdix30.com\/service-traiteur\/produit\/boite-a-lunch-gourmande-vip-salade-de-poulet-a-la-mexicaine\/#primaryimage"},"image":{"@id":"https:\/\/restosdix30.com\/service-traiteur\/produit\/boite-a-lunch-gourmande-vip-salade-de-poulet-a-la-mexicaine\/#primaryimage"},"thumbnailUrl":"https:\/\/restosdix30.com\/service-traiteur\/wp-content\/uploads\/sites\/6\/2025\/08\/Traiteur_dix30-089.jpg","datePublished":"2025-08-29T18:57:35+00:00","dateModified":"2025-08-29T19:02:20+00:00","breadcrumb":{"@id":"https:\/\/restosdix30.com\/service-traiteur\/produit\/boite-a-lunch-gourmande-vip-salade-de-poulet-a-la-mexicaine\/#breadcrumb"},"inLanguage":"fr-CA","potentialAction":[{"@type":"ReadAction","target":["https:\/\/restosdix30.com\/service-traiteur\/produit\/boite-a-lunch-gourmande-vip-salade-de-poulet-a-la-mexicaine\/"]}]},{"@type":"ImageObject","inLanguage":"fr-CA","@id":"https:\/\/restosdix30.com\/service-traiteur\/produit\/boite-a-lunch-gourmande-vip-salade-de-poulet-a-la-mexicaine\/#primaryimage","url":"https:\/\/restosdix30.com\/service-traiteur\/wp-content\/uploads\/sites\/6\/2025\/08\/Traiteur_dix30-089.jpg","contentUrl":"https:\/\/restosdix30.com\/service-traiteur\/wp-content\/uploads\/sites\/6\/2025\/08\/Traiteur_dix30-089.jpg","width":6336,"height":6336},{"@type":"BreadcrumbList","@id":"https:\/\/restosdix30.com\/service-traiteur\/produit\/boite-a-lunch-gourmande-vip-salade-de-poulet-a-la-mexicaine\/#breadcrumb","itemListElement":[{"@type":"ListItem","position":1,"name":"Accueil","item":"https:\/\/restosdix30.com\/service-traiteur\/"},{"@type":"ListItem","position":2,"name":"Boutique","item":"https:\/\/restosdix30.com\/service-traiteur\/boutique\/"},{"@type":"ListItem","position":3,"name":"BO\u00ceTE \u00c0 LUNCH GOURMANDE &#8211; VIP &#8211; SALADE DE POULET \u00c0 LA MEXICAINE"}]},{"@type":"WebSite","@id":"https:\/\/restosdix30.com\/service-traiteur\/#website","url":"https:\/\/restosdix30.com\/service-traiteur\/","name":"Service traiteur","description":"Groupe Restos Dix30","potentialAction":[{"@type":"SearchAction","target":{"@type":"EntryPoint","urlTemplate":"https:\/\/restosdix30.com\/service-traiteur\/?s={search_term_string}"},"query-input":{"@type":"PropertyValueSpecification","valueRequired":true,"valueName":"search_term_string"}}],"inLanguage":"fr-CA"}]}},"distributor_meta":false,"distributor_terms":false,"distributor_media":false,"distributor_original_site_name":"Service traiteur","distributor_original_site_url":"https:\/\/restosdix30.com\/service-traiteur","push-errors":false,"_links":{"self":[{"href":"https:\/\/restosdix30.com\/service-traiteur\/wp-json\/wp\/v2\/product\/7964","targetHints":{"allow":["GET"]}}],"collection":[{"href":"https:\/\/restosdix30.com\/service-traiteur\/wp-json\/wp\/v2\/product"}],"about":[{"href":"https:\/\/restosdix30.com\/service-traiteur\/wp-json\/wp\/v2\/types\/product"}],"wp:featuredmedia":[{"embeddable":true,"href":"https:\/\/restosdix30.com\/service-traiteur\/wp-json\/wp\/v2\/media\/7919"}],"wp:attachment":[{"href":"https:\/\/restosdix30.com\/service-traiteur\/wp-json\/wp\/v2\/media?parent=7964"}],"wp:term":[{"taxonomy":"product_brand","embeddable":true,"href":"https:\/\/restosdix30.com\/service-traiteur\/wp-json\/wp\/v2\/product_brand?post=7964"},{"taxonomy":"product_cat","embeddable":true,"href":"https:\/\/restosdix30.com\/service-traiteur\/wp-json\/wp\/v2\/product_cat?post=7964"},{"taxonomy":"product_tag","embeddable":true,"href":"https:\/\/restosdix30.com\/service-traiteur\/wp-json\/wp\/v2\/product_tag?post=7964"}],"curies":[{"name":"wp","href":"https:\/\/api.w.org\/{rel}","templated":true}]}}