{"id":1498,"date":"2020-10-14T21:17:08","date_gmt":"2020-10-14T21:17:08","guid":{"rendered":"http:\/\/restosdix30.com\/laurochs\/?page_id=1498"},"modified":"2023-09-19T16:45:04","modified_gmt":"2023-09-19T16:45:04","slug":"lequipe","status":"publish","type":"page","link":"https:\/\/restosdix30.com\/tomateblanche\/lequipe\/","title":{"rendered":"L&rsquo;\u00e9quipe"},"content":{"rendered":"<div class=\"wpb-content-wrapper\"><p>[vc_row][vc_column el_class=\u00a0\u00bbz-index\u00a0\u00bb css=\u00a0\u00bb.vc_custom_1603219934543{margin-top: -60px !important;}\u00a0\u00bb]<div id=\"fullwidth-block-69e1052e62013\" class=\"fullwidth-block clearfix\"  style=\"padding-top: 130px;padding-left: 20px;padding-right: 20px;\"><script type=\"text\/javascript\">if (typeof(gem_fix_fullwidth_position) == \"function\") { gem_fix_fullwidth_position(document.getElementById(\"fullwidth-block-69e1052e62013\")); }<\/script><div class=\"fullwidth-block-inner\">[vc_column_text css_animation=\u00a0\u00bbnone\u00a0\u00bb el_class=\u00a0\u00bbcustom-font\u00a0\u00bb]<\/p>\n<div class=\"title-h5\" style=\"text-align: center;\">La tomate blanche<\/div>\n<p>[\/vc_column_text]<div class=\"clearboth\"><\/div><style>#thegem-divider-69e1052e6203d {margin-top: 15px !important;}<\/style><div id=\"thegem-divider-69e1052e6203d\" class=\"gem-divider  \" style=\"\" ><\/div>[vc_column_text css_animation=\u00a0\u00bbnone\u00a0\u00bb]<\/p>\n<div class=\"title-h2\" style=\"text-align: center; margin-bottom: 27px;\">une \u00e9quipe unie et passionn\u00e9e<\/div>\n<p>[\/vc_column_text]<div class=\"centered-box gem-image-centered-box\" ><div class=\"gem-image gem-wrapbox gem-wrapbox-style-default gem-wrapbox-position-centered lazy-loading  thegem-custom-69e1052e620637370\"  style=\"\" ><div class=\"gem-wrapbox-inner  lazy-loading-item\"  data-ll-effect=\"move-up\"><img class=\"gem-wrapbox-element img-responsive\" src=\"https:\/\/restosdix30.com\/tomateblanche\/wp-content\/uploads\/sites\/3\/2020\/10\/etoiles.png\" alt=\"\"\/><\/div><style type=\"text\/css\">.thegem-custom-69e1052e620637370.gem-image a:hover img {filter: brightness( 100% ) contrast( 100% ) saturate( 100% ) blur( 0px ) hue-rotate( 0deg );}<\/style><\/div><\/div><div class=\"clearboth\"><\/div><style>#thegem-divider-69e1052e62202 {margin-top: 50px !important;}<\/style><div id=\"thegem-divider-69e1052e62202\" class=\"gem-divider  \" style=\"\" ><\/div>[vc_column_text css_animation=\u00a0\u00bbbottom-to-top\u00a0\u00bb]<\/p>\n<div class=\"styled-subtitle\" style=\"text-align: center; max-width: 900px; margin: 0 auto;\">\n<p>\u00c0 La Tomate Blanche, l\u2019exp\u00e9rience gastronomique ne r\u00e9side pas uniquement dans l\u2019excellence de nos plats, mais \u00e9galement dans notre service incomparable. \u00c0 chacune de vos visites, notre \u00e9quipe s\u2019assure de votre enti\u00e8re satisfaction. Notre plaisir est de vous servir! Nous vous pr\u00e9sentons nos chefs et <a href=\"#directeurs\">nos directeurs.<\/a><\/p>\n<\/div>\n<p>[\/vc_column_text]<div class=\"clearboth\"><\/div><style>#thegem-divider-69e1052e6220d {margin-top: 40px !important;}<\/style><div id=\"thegem-divider-69e1052e6220d\" class=\"gem-divider  \" style=\"\" ><\/div><\/div><\/div>[\/vc_column][\/vc_row][vc_row full_width=\u00a0\u00bbstretch_row_content_no_spaces\u00a0\u00bb equal_height=\u00a0\u00bbyes\u00a0\u00bb content_placement=\u00a0\u00bbmiddle\u00a0\u00bb disable_element=\u00a0\u00bbyes\u00a0\u00bb parallax=\u00a0\u00bbcontent-moving\u00a0\u00bb parallax_image=\u00a0\u00bb55&Prime;][vc_column width=\u00a0\u00bb1\/2&Prime; css=\u00a0\u00bb.vc_custom_1633710927935{background-image: url(https:\/\/restosdix30.com\/tomateblanche\/wp-content\/uploads\/sites\/3\/2021\/10\/924DF9B5-CFDC-4A08-ACE1-4030D66F5FF8.jpeg?id=2465) !important;background-position: center !important;background-repeat: no-repeat !important;background-size: cover !important;}\u00a0\u00bb el_class=\u00a0\u00bbteam\u00a0\u00bb][\/vc_column][vc_column width=\u00a0\u00bb1\/2&Prime; css=\u00a0\u00bb.vc_custom_1603222897911{padding-top: 45px !important;padding-right: 20px !important;padding-bottom: 45px !important;padding-left: 20px !important;}\u00a0\u00bb][vc_row_inner][vc_column_inner css=\u00a0\u00bb.vc_custom_1603396974396{padding-top: 50px !important;padding-right: 40px !important;padding-bottom: 50px !important;padding-left: 40px !important;}\u00a0\u00bb][vc_column_text]<\/p>\n<div class=\"title-h2\" style=\"text-align: center;\">Marc-Andr\u00e9 Lavergne<\/div>\n<div class=\"title-h4\" style=\"text-align: center;\"><span style=\"color: #000000;\">chef ex\u00e9cutif<\/span><\/div>\n<p style=\"text-align: center;\">LMarc-Andr\u00e9 est un p\u00e8re de famille passionn\u00e9 par son m\u00e9tier depuis plus de 20 ans. Son amour de la cuisine et sa cr\u00e9ativit\u00e9 lui viennent de sa famille qui est sa principale source d\u2019inspiration. Il adore la cuisine italienne et privil\u00e9gie les saveurs des produits locaux. C\u2019est avec grand plaisir qu\u2019il partage sa passion avec ses brigades et transmet son savoir \u00e0 son \u00e9quipe. Lavergne a plus d\u2019un tour dans son sac\u2009!<\/p>\n<p style=\"text-align: center;\">En plus d\u2019une formation en cuisine, il est fort d\u2019une formation en gestion \u00e0 l\u2019ITHQ. Il a \u00e9galement lui-m\u00eame \u00e9t\u00e9 formateur et mentor de plusieurs chefs. Ses qualit\u00e9s de p\u00e9dagogue, son calme et son c\u00f4t\u00e9 r\u00e9fl\u00e9chi en font le candidat id\u00e9al pour jouer le r\u00f4le crucial de chef ex\u00e9cutif au sein du Groupe Restos\u00a0Dix30\u2009!<\/p>\n<p>[\/vc_column_text][\/vc_column_inner][\/vc_row_inner][\/vc_column][\/vc_row][vc_row full_width=\u00a0\u00bbstretch_row_content_no_spaces\u00a0\u00bb equal_height=\u00a0\u00bbyes\u00a0\u00bb content_placement=\u00a0\u00bbmiddle\u00a0\u00bb disable_element=\u00a0\u00bbyes\u00a0\u00bb][vc_column width=\u00a0\u00bb1\/2&Prime; css=\u00a0\u00bb.vc_custom_1670860254266{background-image: url(http:\/\/restosdix30.com\/tomateblanche\/wp-content\/uploads\/sites\/3\/2020\/10\/Vincent-Ciesla-Savage-Chef-Tomate-Blanche.jpg?id=51) !important;background-position: center !important;background-repeat: no-repeat !important;background-size: cover !important;}\u00a0\u00bb el_class=\u00a0\u00bbteam\u00a0\u00bb][\/vc_column][vc_column width=\u00a0\u00bb1\/2&Prime; css=\u00a0\u00bb.vc_custom_1603380307527{padding-top: 45px !important;padding-right: 20px !important;padding-bottom: 45px !important;padding-left: 20px !important;}\u00a0\u00bb][vc_row_inner][vc_column_inner css=\u00a0\u00bb.vc_custom_1603376154951{padding-top: 50px !important;padding-right: 40px !important;padding-bottom: 50px !important;padding-left: 40px !important;}\u00a0\u00bb][vc_column_text]<\/p>\n<div class=\"title-h2\" style=\"text-align: center;\">Vincent ciesla savage<\/div>\n<div class=\"title-h4\" style=\"text-align: center;\"><span style=\"color: #000000;\">Chef<\/span><\/div>\n<p style=\"text-align: center;\">Vincent est un monument \u00e0 La Tomate Blanche, ayant fait de ce restaurant son pied-\u00e0-terre depuis plus de sept ans. Il y joint l\u2019\u00e9quipe tout d\u2019abord comme sous-chef puis maintenant comme chef. Ce dipl\u00f4m\u00e9 de l\u2019ITHQ porte un amour tout particulier \u00e0 la cuisine italienne et ses classiques, mais tente, avec chacune de ses interpr\u00e9tations, de r\u00e9inventer le genre.<\/p>\n<p style=\"text-align: center;\">Sa cuisine en est une moderne, originale o\u00f9 chaque d\u00e9tail est pens\u00e9 afin de cr\u00e9er la bouch\u00e9e parfaite. Vincent mise sur des produits de saison et des produits locaux afin de faire de chacun de ses plats une nouvelle d\u00e9couverte.<\/p>\n<p>[\/vc_column_text][\/vc_column_inner][\/vc_row_inner][\/vc_column][\/vc_row][vc_row full_width=\u00a0\u00bbstretch_row_content_no_spaces\u00a0\u00bb equal_height=\u00a0\u00bbyes\u00a0\u00bb content_placement=\u00a0\u00bbmiddle\u00a0\u00bb parallax=\u00a0\u00bbcontent-moving\u00a0\u00bb parallax_image=\u00a0\u00bb55&Prime;][vc_column width=\u00a0\u00bb1\/2&Prime; css=\u00a0\u00bb.vc_custom_1604713679893{background-image: url(http:\/\/restosdix30.com\/tomateblanche\/wp-content\/uploads\/sites\/3\/2020\/10\/Alex-Wolfgang-Mast-Sous-Chef-Tomate-Blanche.jpg?id=50) !important;background-position: center !important;background-repeat: no-repeat !important;background-size: cover !important;}\u00a0\u00bb el_class=\u00a0\u00bbteam\u00a0\u00bb][\/vc_column][vc_column width=\u00a0\u00bb1\/2&Prime; css=\u00a0\u00bb.vc_custom_1603222897911{padding-top: 45px !important;padding-right: 20px !important;padding-bottom: 45px !important;padding-left: 20px !important;}\u00a0\u00bb][vc_row_inner][vc_column_inner css=\u00a0\u00bb.vc_custom_1603396974396{padding-top: 50px !important;padding-right: 40px !important;padding-bottom: 50px !important;padding-left: 40px !important;}\u00a0\u00bb][vc_column_text]<\/p>\n<div class=\"title-h2\" style=\"text-align: center;\">Alex Wolfgang mast<\/div>\n<div class=\"title-h4\" style=\"text-align: center;\"><span style=\"color: #000000;\">chef<\/span><\/div>\n<p style=\"text-align: center;\">La passion de la cuisine d\u00e9bute \u00e0 la tendre enfance pour notre sous-chef Alex Wolfgang Mast. Il suit, depuis maintenant six ans, les traces de son p\u00e8re, lui-m\u00eame cuisinier. Apr\u00e8s un DEP en cuisine, Alex Wolfgang Mast se sp\u00e9cialise dans la cuisine italienne, sa pr\u00e9f\u00e9r\u00e9e, et se d\u00e9couvre un amour pour les poissons.<\/p>\n<p style=\"text-align: center;\">Il cherche continuellement \u00e0 se surpasser, \u00e0 d\u00e9velopper sa cr\u00e9ativit\u00e9 et son leadership en cuisine et surtout, \u00e0 s\u2019inspirer de l\u2019\u00e9nergie de la bridage dont il fait partie. Tous ces \u00e9l\u00e9ments le mettent au d\u00e9fi et l\u2019am\u00e8nent \u00e0 se surpasser pour le plus grand plaisir de nos papilles.<\/p>\n<p>[\/vc_column_text][\/vc_column_inner][\/vc_row_inner][\/vc_column][\/vc_row][vc_row full_width=\u00a0\u00bbstretch_row_content_no_spaces\u00a0\u00bb equal_height=\u00a0\u00bbyes\u00a0\u00bb content_placement=\u00a0\u00bbmiddle\u00a0\u00bb el_id=\u00a0\u00bbdirecteurs\u00a0\u00bb el_class=\u00a0\u00bbpullright\u00a0\u00bb][vc_column width=\u00a0\u00bb1\/2&Prime; css=\u00a0\u00bb.vc_custom_1603735897280{background-image: url(http:\/\/restosdix30.com\/laurochs\/wp-content\/uploads\/sites\/2\/2020\/10\/Juan-Hernandez-Directeur-Aurochs-et-Tomate-Blanche.jpg?id=1737) !important;background-position: center !important;background-repeat: no-repeat !important;background-size: cover !important;}\u00a0\u00bb el_class=\u00a0\u00bbteam\u00a0\u00bb][\/vc_column][vc_column width=\u00a0\u00bb1\/2&Prime; css=\u00a0\u00bb.vc_custom_1603223360632{padding-top: 45px !important;padding-right: 20px !important;padding-bottom: 45px !important;padding-left: 20px !important;}\u00a0\u00bb][vc_row_inner][vc_column_inner css=\u00a0\u00bb.vc_custom_1603396991024{padding-top: 50px !important;padding-right: 40px !important;padding-bottom: 50px !important;padding-left: 40px !important;}\u00a0\u00bb][vc_column_text]<\/p>\n<div class=\"title-h2\" style=\"text-align: center;\">juan hernandez<\/div>\n<div class=\"title-h4\" style=\"text-align: center;\"><span style=\"color: #000000;\">directeur de l&rsquo;Aurochs et La tomate blanche<\/span><\/div>\n<p style=\"text-align: center;\">Juan bonifie notre restaurant de son exp\u00e9rience en service \u00e0 la client\u00e8le hors pair. En effet, il a \u00e9volu\u00e9 plus de quinze ans \u00e0 titre de directeur de l\u2019animation et des relations publiques au sein des plus grands complexes h\u00f4teliers mexicains.<\/p>\n<p style=\"text-align: center;\">Ayant joint l\u2019\u00e9quipe de direction de L\u2019Aurochs en 2012, il a su se frayer un chemin jusqu\u2019au poste de directeur. Depuis peu, la direction de La Tomate Blanche lui a \u00e9t\u00e9 confi\u00e9e. Il va sans dire que Juan est un \u00e9l\u00e9ment cl\u00e9 de la famille Restos\u00a0DIX30.<\/p>\n<p style=\"text-align: center;\">Un passage dans l\u2019une ou l\u2019autre de ces salles \u00e0 manger ne saura qu\u2019\u00eatre agr\u00e9ment\u00e9 par l\u2019attention particuli\u00e8re que Juan vous portera. Pour lui, chaque client est unique et surtout, chaque client est important.<\/p>\n<p>[\/vc_column_text][\/vc_column_inner][\/vc_row_inner][\/vc_column][\/vc_row][vc_row full_width=\u00a0\u00bbstretch_row_content_no_spaces\u00a0\u00bb equal_height=\u00a0\u00bbyes\u00a0\u00bb content_placement=\u00a0\u00bbmiddle\u00a0\u00bb disable_element=\u00a0\u00bbyes\u00a0\u00bb parallax=\u00a0\u00bbcontent-moving\u00a0\u00bb parallax_image=\u00a0\u00bb55&Prime;][vc_column width=\u00a0\u00bb1\/2&Prime; css=\u00a0\u00bb.vc_custom_1633632449254{background-image: url(https:\/\/restosdix30.com\/tomateblanche\/wp-content\/uploads\/sites\/3\/2021\/10\/F6A20986-3D8F-4192-8E8B-F2030CB861FF.jpeg?id=2464) !important;background-position: center !important;background-repeat: no-repeat !important;background-size: cover !important;}\u00a0\u00bb el_class=\u00a0\u00bbteam\u00a0\u00bb][\/vc_column][vc_column width=\u00a0\u00bb1\/2&Prime; css=\u00a0\u00bb.vc_custom_1603222897911{padding-top: 45px !important;padding-right: 20px !important;padding-bottom: 45px !important;padding-left: 20px !important;}\u00a0\u00bb][vc_row_inner][vc_column_inner css=\u00a0\u00bb.vc_custom_1603397006099{padding-top: 50px !important;padding-right: 40px !important;padding-bottom: 50px !important;padding-left: 40px !important;}\u00a0\u00bb][vc_column_text]<\/p>\n<div class=\"title-h2\" style=\"text-align: center;\">matthew motafferi<\/div>\n<div class=\"title-h4\" style=\"text-align: center;\"><span style=\"color: #000000;\">directeur adjoint<\/span><\/div>\n<p style=\"text-align: center;\">Matthew a rejoint l\u2019\u00e9quipe de la Tomate Blanche depuis un an maintenant\u2009; c\u2019est notre nouvelle recrue. Cet assistant-directeur extraverti, actif et \u00e0 la recherche de d\u00e9fis a \u00e9t\u00e9 servi dans la derni\u00e8re ann\u00e9e. Il a su se montrer \u00e0 la hauteur et d\u00e9montrer son apport \u00e0 l\u2019\u00e9quipe du Restos\u00a0DIX30.<\/p>\n<p style=\"text-align: center;\">Matthew travaille dans la restauration depuis l\u2019\u00e2ge de 17 ans et cumule les formations, dont une formation Wineset Niveau\u00a01. Pour cet amoureux de la cuisine italienne, du contact client et de la sommellerie, la Tomate Blanche est un jumelage parfait.<\/p>\n<p>[\/vc_column_text][\/vc_column_inner][\/vc_row_inner][\/vc_column][\/vc_row][vc_row full_width=\u00a0\u00bbstretch_row_content_no_spaces\u00a0\u00bb content_placement=\u00a0\u00bbmiddle\u00a0\u00bb css=\u00a0\u00bb.vc_custom_1603681004982{background-color: #6d6739 !important;}\u00a0\u00bb][vc_column]<div id=\"fullwidth-block-69e1052e62224\" class=\"fullwidth-block clearfix\"  style=\"padding-top: 56px;padding-left: 20px;padding-right: 20px;\"><script type=\"text\/javascript\">if (typeof(gem_fix_fullwidth_position) == \"function\") { gem_fix_fullwidth_position(document.getElementById(\"fullwidth-block-69e1052e62224\")); }<\/script><div class=\"fullwidth-block-inner\">[vc_column_text css_animation=\u00a0\u00bbnone\u00a0\u00bb el_class=\u00a0\u00bbcustom-font\u00a0\u00bb]<\/p>\n<div class=\"title-h5\" style=\"text-align: center;\"><span style=\"color: #ffffff;\">REJOINDRE<\/span><\/div>\n<p>[\/vc_column_text]<div class=\"clearboth\"><\/div><style>#thegem-divider-69e1052e62246 {margin-top: 15px !important;}<\/style><div id=\"thegem-divider-69e1052e62246\" class=\"gem-divider  \" style=\"\" ><\/div>[vc_column_text css_animation=\u00a0\u00bbnone\u00a0\u00bb]<\/p>\n<div class=\"title-h2\" style=\"text-align: center; margin-bottom: 27px;\"><span style=\"color: #ffffff;\">notre belle \u00e9quipe<\/span><\/div>\n<p>[\/vc_column_text]<div class=\"centered-box gem-image-centered-box\" ><div class=\"gem-image gem-wrapbox gem-wrapbox-style-default gem-wrapbox-position-centered lazy-loading  thegem-custom-69e1052e622538914\"  style=\"\" ><div class=\"gem-wrapbox-inner  lazy-loading-item\"  data-ll-effect=\"move-up\"><img class=\"gem-wrapbox-element img-responsive\" src=\"https:\/\/restosdix30.com\/tomateblanche\/wp-content\/uploads\/sites\/3\/2020\/10\/etoiles.png\" alt=\"\"\/><\/div><style type=\"text\/css\">.thegem-custom-69e1052e622538914.gem-image a:hover img {filter: brightness( 100% ) contrast( 100% ) saturate( 100% ) blur( 0px ) hue-rotate( 0deg );}<\/style><\/div><\/div><div class=\"clearboth\"><\/div><style>#thegem-divider-69e1052e6227d {margin-top: 50px !important;}<\/style><div id=\"thegem-divider-69e1052e6227d\" class=\"gem-divider  \" style=\"\" ><\/div>[vc_column_text]<\/p>\n<div class=\"styled-subtitle\" style=\"text-align: center;\"><span style=\"color: #ffffff;\">Consultez la liste des emplois disponibles ou fa\u00eetes-nous parvenir votre candidature.<\/span><\/div>\n<p>[\/vc_column_text]<div class=\"clearboth\"><\/div><style>#thegem-divider-69e1052e62284 {margin-top: 25px !important;}<\/style><div id=\"thegem-divider-69e1052e62284\" class=\"gem-divider  \" style=\"\" ><\/div><style type=\"text\/css\">.thegem-button-69e1052e623029859 .gem-button svg {fill: #ffffff;}.thegem-button-69e1052e623029859 .gem-button:hover svg {fill: #ffffff;}<\/style><div class=\"gem-button-container gem-button-position-center thegem-button-69e1052e623029859    \"  ><a class=\"gem-button gem-button-size-medium gem-button-style-flat gem-button-text-weight-normal\" data-ll-effect=\"drop-right-without-wrap\" style=\"border-radius: 3px;background-color: #97905c;color: #ffffff;\" onmouseleave=\"this.style.backgroundColor='#97905c';this.style.color='#ffffff';\" onmouseenter=\"this.style.backgroundColor='#a26748';this.style.color='#ffffff';\" href=\"https:\/\/restosdix30.com\/carriere\/\" target=\"_blank\">Voir les offres<\/a><\/div> <\/div><\/div>[\/vc_column][\/vc_row]<\/p>\n<\/div>","protected":false},"excerpt":{"rendered":"<p>[vc_row][vc_column el_class=\u00a0\u00bbz-index\u00a0\u00bb css=\u00a0\u00bb.vc_custom_1603219934543{margin-top: -60px !important;}\u00a0\u00bb][\/vc_column][\/vc_row][vc_row full_width=\u00a0\u00bbstretch_row_content_no_spaces\u00a0\u00bb equal_height=\u00a0\u00bbyes\u00a0\u00bb content_placement=\u00a0\u00bbmiddle\u00a0\u00bb disable_element=\u00a0\u00bbyes\u00a0\u00bb parallax=\u00a0\u00bbcontent-moving\u00a0\u00bb parallax_image=\u00a0\u00bb55&Prime;][vc_column width=\u00a0\u00bb1\/2&Prime; css=\u00a0\u00bb.vc_custom_1633710927935{background-image: url(https:\/\/restosdix30.com\/tomateblanche\/wp-content\/uploads\/sites\/3\/2021\/10\/924DF9B5-CFDC-4A08-ACE1-4030D66F5FF8.jpeg?id=2465) !important;background-position: center !important;background-repeat: no-repeat !important;background-size: cover&#8230;<\/p>\n","protected":false},"author":4,"featured_media":0,"parent":0,"menu_order":3,"comment_status":"closed","ping_status":"closed","template":"","meta":{"footnotes":""},"class_list":["post-1498","page","type-page","status-publish"],"yoast_head":"<!-- This site is optimized with the Yoast SEO plugin v27.4 - https:\/\/yoast.com\/product\/yoast-seo-wordpress\/ -->\n<title>L&#039;\u00e9quipe - Tomate Blanche<\/title>\n<meta name=\"robots\" content=\"index, follow, max-snippet:-1, max-image-preview:large, max-video-preview:-1\" \/>\n<link rel=\"canonical\" href=\"https:\/\/restosdix30.com\/tomateblanche\/lequipe\/\" \/>\n<meta property=\"og:locale\" content=\"fr_CA\" \/>\n<meta property=\"og:type\" content=\"article\" \/>\n<meta property=\"og:title\" content=\"L&#039;\u00e9quipe - Tomate Blanche\" \/>\n<meta property=\"og:description\" content=\"[vc_row][vc_column el_class=\u00a0\u00bbz-index\u00a0\u00bb css=\u00a0\u00bb.vc_custom_1603219934543{margin-top: -60px !important;}\u00a0\u00bb][\/vc_column][\/vc_row][vc_row full_width=\u00a0\u00bbstretch_row_content_no_spaces\u00a0\u00bb equal_height=\u00a0\u00bbyes\u00a0\u00bb content_placement=\u00a0\u00bbmiddle\u00a0\u00bb disable_element=\u00a0\u00bbyes\u00a0\u00bb parallax=\u00a0\u00bbcontent-moving\u00a0\u00bb parallax_image=\u00a0\u00bb55&Prime;][vc_column width=\u00a0\u00bb1\/2&Prime; css=\u00a0\u00bb.vc_custom_1633710927935{background-image: url(https:\/\/restosdix30.com\/tomateblanche\/wp-content\/uploads\/sites\/3\/2021\/10\/924DF9B5-CFDC-4A08-ACE1-4030D66F5FF8.jpeg?id=2465) !important;background-position: center !important;background-repeat: no-repeat !important;background-size: cover...\" \/>\n<meta property=\"og:url\" content=\"https:\/\/restosdix30.com\/tomateblanche\/lequipe\/\" \/>\n<meta property=\"og:site_name\" content=\"Tomate Blanche\" \/>\n<meta property=\"article:modified_time\" content=\"2023-09-19T16:45:04+00:00\" \/>\n<meta name=\"twitter:card\" content=\"summary_large_image\" \/>\n<meta name=\"twitter:label1\" content=\"Estimation du temps de lecture\" \/>\n\t<meta name=\"twitter:data1\" content=\"5 minutes\" \/>\n<script type=\"application\/ld+json\" class=\"yoast-schema-graph\">{\"@context\":\"https:\\\/\\\/schema.org\",\"@graph\":[{\"@type\":\"WebPage\",\"@id\":\"https:\\\/\\\/restosdix30.com\\\/tomateblanche\\\/lequipe\\\/\",\"url\":\"https:\\\/\\\/restosdix30.com\\\/tomateblanche\\\/lequipe\\\/\",\"name\":\"L'\u00e9quipe - Tomate Blanche\",\"isPartOf\":{\"@id\":\"https:\\\/\\\/restosdix30.com\\\/tomateblanche\\\/#website\"},\"datePublished\":\"2020-10-14T21:17:08+00:00\",\"dateModified\":\"2023-09-19T16:45:04+00:00\",\"breadcrumb\":{\"@id\":\"https:\\\/\\\/restosdix30.com\\\/tomateblanche\\\/lequipe\\\/#breadcrumb\"},\"inLanguage\":\"fr-CA\",\"potentialAction\":[{\"@type\":\"ReadAction\",\"target\":[\"https:\\\/\\\/restosdix30.com\\\/tomateblanche\\\/lequipe\\\/\"]}]},{\"@type\":\"BreadcrumbList\",\"@id\":\"https:\\\/\\\/restosdix30.com\\\/tomateblanche\\\/lequipe\\\/#breadcrumb\",\"itemListElement\":[{\"@type\":\"ListItem\",\"position\":1,\"name\":\"Accueil\",\"item\":\"https:\\\/\\\/restosdix30.com\\\/tomateblanche\\\/\"},{\"@type\":\"ListItem\",\"position\":2,\"name\":\"L&#8217;\u00e9quipe\"}]},{\"@type\":\"WebSite\",\"@id\":\"https:\\\/\\\/restosdix30.com\\\/tomateblanche\\\/#website\",\"url\":\"https:\\\/\\\/restosdix30.com\\\/tomateblanche\\\/\",\"name\":\"Tomate Blanche\",\"description\":\"Groupe Restos Dix30\",\"potentialAction\":[{\"@type\":\"SearchAction\",\"target\":{\"@type\":\"EntryPoint\",\"urlTemplate\":\"https:\\\/\\\/restosdix30.com\\\/tomateblanche\\\/?s={search_term_string}\"},\"query-input\":{\"@type\":\"PropertyValueSpecification\",\"valueRequired\":true,\"valueName\":\"search_term_string\"}}],\"inLanguage\":\"fr-CA\"}]}<\/script>\n<!-- \/ Yoast SEO plugin. -->","yoast_head_json":{"title":"L'\u00e9quipe - Tomate Blanche","robots":{"index":"index","follow":"follow","max-snippet":"max-snippet:-1","max-image-preview":"max-image-preview:large","max-video-preview":"max-video-preview:-1"},"canonical":"https:\/\/restosdix30.com\/tomateblanche\/lequipe\/","og_locale":"fr_CA","og_type":"article","og_title":"L'\u00e9quipe - Tomate Blanche","og_description":"[vc_row][vc_column el_class=\u00a0\u00bbz-index\u00a0\u00bb css=\u00a0\u00bb.vc_custom_1603219934543{margin-top: -60px !important;}\u00a0\u00bb][\/vc_column][\/vc_row][vc_row full_width=\u00a0\u00bbstretch_row_content_no_spaces\u00a0\u00bb equal_height=\u00a0\u00bbyes\u00a0\u00bb content_placement=\u00a0\u00bbmiddle\u00a0\u00bb disable_element=\u00a0\u00bbyes\u00a0\u00bb parallax=\u00a0\u00bbcontent-moving\u00a0\u00bb parallax_image=\u00a0\u00bb55&Prime;][vc_column width=\u00a0\u00bb1\/2&Prime; css=\u00a0\u00bb.vc_custom_1633710927935{background-image: url(https:\/\/restosdix30.com\/tomateblanche\/wp-content\/uploads\/sites\/3\/2021\/10\/924DF9B5-CFDC-4A08-ACE1-4030D66F5FF8.jpeg?id=2465) !important;background-position: center !important;background-repeat: no-repeat !important;background-size: cover...","og_url":"https:\/\/restosdix30.com\/tomateblanche\/lequipe\/","og_site_name":"Tomate Blanche","article_modified_time":"2023-09-19T16:45:04+00:00","twitter_card":"summary_large_image","twitter_misc":{"Estimation du temps de lecture":"5 minutes"},"schema":{"@context":"https:\/\/schema.org","@graph":[{"@type":"WebPage","@id":"https:\/\/restosdix30.com\/tomateblanche\/lequipe\/","url":"https:\/\/restosdix30.com\/tomateblanche\/lequipe\/","name":"L'\u00e9quipe - Tomate Blanche","isPartOf":{"@id":"https:\/\/restosdix30.com\/tomateblanche\/#website"},"datePublished":"2020-10-14T21:17:08+00:00","dateModified":"2023-09-19T16:45:04+00:00","breadcrumb":{"@id":"https:\/\/restosdix30.com\/tomateblanche\/lequipe\/#breadcrumb"},"inLanguage":"fr-CA","potentialAction":[{"@type":"ReadAction","target":["https:\/\/restosdix30.com\/tomateblanche\/lequipe\/"]}]},{"@type":"BreadcrumbList","@id":"https:\/\/restosdix30.com\/tomateblanche\/lequipe\/#breadcrumb","itemListElement":[{"@type":"ListItem","position":1,"name":"Accueil","item":"https:\/\/restosdix30.com\/tomateblanche\/"},{"@type":"ListItem","position":2,"name":"L&#8217;\u00e9quipe"}]},{"@type":"WebSite","@id":"https:\/\/restosdix30.com\/tomateblanche\/#website","url":"https:\/\/restosdix30.com\/tomateblanche\/","name":"Tomate Blanche","description":"Groupe Restos Dix30","potentialAction":[{"@type":"SearchAction","target":{"@type":"EntryPoint","urlTemplate":"https:\/\/restosdix30.com\/tomateblanche\/?s={search_term_string}"},"query-input":{"@type":"PropertyValueSpecification","valueRequired":true,"valueName":"search_term_string"}}],"inLanguage":"fr-CA"}]}},"distributor_meta":false,"distributor_terms":false,"distributor_media":false,"distributor_original_site_name":"Tomate Blanche","distributor_original_site_url":"https:\/\/restosdix30.com\/tomateblanche","push-errors":false,"_links":{"self":[{"href":"https:\/\/restosdix30.com\/tomateblanche\/wp-json\/wp\/v2\/pages\/1498","targetHints":{"allow":["GET"]}}],"collection":[{"href":"https:\/\/restosdix30.com\/tomateblanche\/wp-json\/wp\/v2\/pages"}],"about":[{"href":"https:\/\/restosdix30.com\/tomateblanche\/wp-json\/wp\/v2\/types\/page"}],"author":[{"embeddable":true,"href":"https:\/\/restosdix30.com\/tomateblanche\/wp-json\/wp\/v2\/users\/4"}],"replies":[{"embeddable":true,"href":"https:\/\/restosdix30.com\/tomateblanche\/wp-json\/wp\/v2\/comments?post=1498"}],"version-history":[{"count":24,"href":"https:\/\/restosdix30.com\/tomateblanche\/wp-json\/wp\/v2\/pages\/1498\/revisions"}],"predecessor-version":[{"id":2432,"href":"https:\/\/restosdix30.com\/tomateblanche\/wp-json\/wp\/v2\/pages\/1498\/revisions\/2432"}],"wp:attachment":[{"href":"https:\/\/restosdix30.com\/tomateblanche\/wp-json\/wp\/v2\/media?parent=1498"}],"curies":[{"name":"wp","href":"https:\/\/api.w.org\/{rel}","templated":true}]}}